e number?
False
Is 27601 prime?
False
Is 988307 a composite number?
True
Is 4847 composite?
True
Is 5737 a composite number?
False
Is 18085 a prime number?
False
Is 14143 a composite number?
False
Is 273545 composite?
True
Is 32579 a prime number?
True
Is 362333 a prime number?
True
Is 2416061 composite?
False
Is 657187 a prime number?
True
Is 1973 a composite number?
False
Is 24251 composite?
False
Is 27847 composite?
False
Is 501002 a prime number?
False
Is 776857 a composite number?
True
Is 23189 a prime number?
True
Is 2183 a composite number?
True
Is 8621 a prime number?
False
Is 6155 a composite number?
True
Is 4717 a composite number?
True
Is 17849 composite?
True
Is 48947 composite?
False
Is 619 a prime number?
True
Is 214219 a composite number?
False
Is 199921 composite?
False
Is 56837 composite?
True
Is 47347 a composite number?
True
Is 23869 a prime number?
True
Is 307511 prime?
True
Is 3377 a prime number?
False
Is 1289395 a composite number?
True
Is 273251 prime?
False
Is 20873 composite?
False
Is 104987 a prime number?
True
Is 181819 a composite number?
True
Is 23857 a prime number?
True
Is 54971 prime?
False
Is 296299 a composite number?
False
Is 1071641 composite?
False
Is 186311 a prime number?
True
Is 324371 composite?
True
Is 71699 a prime number?
True
Is 10183 a composite number?
True
Is 122651 prime?
True
Is 2137774 a prime number?
False
Is 13709 prime?
True
Is 290137 a composite number?
False
Is 6101 a composite number?
False
Is 1162417 a composite number?
False
Is 1490887 prime?
False
Is 311057 composite?
True
Is 3629 composite?
True
Is 25183 composite?
False
Is 2669 prime?
False
Is 9487 a prime number?
False
Is 2238233 prime?
True
Is 2081 composite?
False
Is 27229 a composite number?
True
Is 1660943 prime?
True
Is 2827327 prime?
True
Is 7041 a composite number?
True
Is 26797 composite?
True
Is 9239 prime?
True
Is 741353 a composite number?
True
Is 9193 a prime number?
False
Is 65399 prime?
False
Is 1381 composite?
False
Is 3025623 prime?
False
Is 1236243 composite?
True
Is 95267 a prime number?
True
Is 172051 a prime number?
False
Is 148569 a prime number?
False
Is 3361089 a composite number?
True
Is 50317 prime?
False
Is 73277 composite?
False
Is 291853 prime?
True
Is 10973 composite?
False
Is 75913 composite?
False
Is 1151 composite?
False
Is 17531 composite?
True
Is 70639 composite?
False
Is 165622 a prime number?
False
Is 294551 a composite number?
False
Is 807563 a composite number?
True
Is 762187 a prime number?
True
Is 10411 composite?
True
Is 13517 prime?
False
Is 1010333 prime?
False
Is 64063 composite?
False
Is 20579 composite?
True
Is 1823 composite?
False
Is 89431 a prime number?
True
Is 886417 composite?
True
Is 4413 a prime number?
False
Is 44729 composite?
False
Is 535 prime?
False
Is 45647 prime?
False
Is 18191 composite?
False
Is 311143 composite?
True
Is 15231 a composite number?
True
Is 5627 composite?
True
Is 9311 a prime number?
True
Is 7862 a prime number?
False
Is 16613 prime?
False
Is 80111 a prime number?
True
Is 5497 composite?
True
Is 35729 composite?
False
Is 7411 composite?
False
Is 56517 composite?
True
Is 9239 prime?
True
Is 265451 composite?
False
Is 543013 a composite number?
True
Is 294869 composite?
False
Is 194641 a prime number?
False
Is 607813 a composite number?
False
Is 336851 composite?
True
Is 365889 prime?
False
Is 13859 composite?
False
Is 1501 a prime number?
False
Is 1193 a composite number?
False
Is 2437 a prime number?
True
Is 212353 a prime number?
True
Is 1508007 composite?
True
Is 91939 a composite number?
False
Is 1580699 a prime number?
True
Is 67663 a prime number?
False
Is 69799 prime?
False
Is 3898 a prime number?
False
Is 768671 composite?
False
Is 70631 composite?
True
Is 648433 a composite number?
False
Is 6803 composite?
False
Is 61015 prime?
False
Is 21059 prime?
True
Is 29433 a prime number?
False
Is 10937 a composite number?
False
Is 54685 composite?
True
Is 3137 a prime number?
True
Is 561817 prime?
False
Is 139415 a composite number?
True
Is 14567 a prime number?
False
Is 9995 a composite number?
True
Is 3950215 a prime number?
False
Is 748801 a composite number?
False
Is 233743 a prime number?
True
Is 211007 prime?
True
Is 9391 prime?
True
Is 21001 composite?
False
Is 17691 composite?
True
Is 223999 a prime number?
True
Is 12751 composite?
True
Is 42037 composite?
True
Is 5583 composite?
True
Is 48509 prime?
False
Is 155323 a composite number?
True
Is 1020727 a prime number?
False
Is 49523 composite?
False
Is 861823 a prime number?
True
Is 52609 composite?
False
Is 92333 prime?
True
Is 675295 a prime number?
False
Is 840727 a composite number?
False
Is 2371 prime?
True
Is 175621 a composite number?
False
Is 84439 composite?
True
Is 196331 composite?
False
Is 39971 a composite number?
False
Is 103913 prime?
True
Is 731297 a composite number?
True
Is 17002 a prime number?
False
Is 65207 composite?
True
Is 13571 a composite number?
True
Is 863 a prime number?
True
Is 959 a prime number?
False
Is 6931 prime?
False
Is 135449 prime?
True
Is 36503 prime?
False
Is 1528477 a composite number?
True
Is 74153 prime?
False
Is 51733 a prime number?
False
Is 17065 a composite number?
True
Is 5617 composite?
True
Is 94597 a composite number?
False
Is 283369 composite?
False
Is 38351 a prime number?
True
Is 521 prime?
True
Is 306523 prime?
False
Is 216983 a composite number?
True
Is 1055113 composite?
False
Is 2863 a composite number?
True
Is 422 prime?
False
Is 3901 a composite number?
True
Is 1474751 a composite number?
False
Is 2396627 prime?
True
Is 78119 a composite number?
True
Is 16273 composite?
False
Is 18671 prime?
True
Is 134233 prime?
False
Is 2290721 a composite number?
False
Is 718163 prime?
True
Is 20611 a composite number?
False
Is 7393 prime?
True
Is 40079 a composite number?
True
Is 4201 a prime number?
True
Is 25057 a prime number?
True
Is 17785 a composite number?
True
Is 1148651 a prime number?
False
Is 7717 a prime number?
True
Is 123897 prime?
False
Is 1030681 prime?
True
Is 11183 a prime number?
False
Is 85559 prime?
False
Is 142333 a composite number?
True
Is 262897 composite?
False
Is 588223 a prime number?
False
Is 70157 a composite number?
False
Is 3989 a composite number?
False
Is 13093 prime?
True
Is 149271 a prime number?
False
Is 271363 a composite number?
False
Is 200593 a composite number?
True
Is 61199 a prime number?
False
Is 32297 composite?
False
Is 319 a composite number?
True
Is 155831 a prime number?
False
Is 887647 prime?
False
Is 10289 a composite number?
False
Is 160019 a composite number?
False
Is 58783 a prime number?
False
Is 16391 a composite number?
True
Is 3793 composite?
False
Is 51149 composite?
True
Is 25819 a composite number?
False
Is 335867 prime?
False
Is 106273 a prime number?
True
Is 40539 a composite number?
True
Is 39659 a composite number?
False
Is 5603 prime?
False
Is 47941 composite?
True
Is 4507 prime?
True
Is 177883 composite?
False
Is 9489 a prime number?
False
Is 6821 composite?
True
Is 4127 a prime number?
True
Is 121 a composite number?
True
Is 720457 prime?
False
Is 131797 composite?
False
Is 161698 a prime number?
False
Is 4515601 a composite number?
False
Is 112681 composite?
True
Is 967 prime?
True
Is 560437 prime?
True
Is 26305 a prime number?
False
Is 719449 a prime number?
False
Is 9391 composite?
False
Is 214301 a composite number?
True
Is 4751 prime?
True
Is 1445513 a prime number?
True
Is 590567 composite?
False
Is 5737 a composite number?
False
Is 4621 composite?
False
Is 869819 prime?
True
Is 237517 a composite number?
True
Is 23741 a composite number?
False
Is 174347 prime?
True
Is 38993 a prime number?
True
Is 10673 prime?
False
Is 2803433 a prime number?
True
Is 20489 prime?
False
Is 1846061 a composite number?
True
Is 51631 a composite number?
False
Is 4169267 a composite number?
True
Is 6823 a composite number?
False
Is 14621 composite?
False
Is 31177 a prime number?
True
Is 18509 prime?
False
Is 241771 a composite number?
False
Is 37033 a prime number?
False
Is 453979 a prime number?
False
Is 187895 composite?
True
Is 8747 a composite number?
False
Is 183947 a prime number?
False
Is 503167 prime?
False
Is 7177 a prime number?
True
Is 283633 composite?
True
Is 13451 composite?
Fals